se
Let j = -3 + -1. Does 11 divide (-62)/j - (-3)/(-2)?
False
Let h(k) = -k + 15. Let t(s) = -s + 1. Let j be t(3). Let u be j/(-3) - 4/6. Is h(u) a multiple of 15?
True
Suppose 0 = s + 2, -4*s = -w - 0*s + 27. Suppose -5*h + 84 = w. Let x = 6 + h. Does 13 divide x?
False
Does 17 divide ((-3)/2)/(3/(-48))?
False
Suppose 0 - 3 = -w. Suppose -5*g + w = j, -3*g - 1 = -4*g. Let d = j + 9. Is 4 a factor of d?
False
Let r(b) = b**2 + 7*b - 5. Let v be r(-8). Suppose -v*x + 2*x + s = -9, 5*s + 15 = 0. Does 6 divide x?
True
Let r = 90 + -6. Is r a multiple of 14?
True
Let n(m) = m**2 + 2*m + 1. Let s be n(-2). Let k(l) = 30*l**3 - 2*l**2 + l. Let x be k(s). Let a = x - 15. Is a a multiple of 14?
True
Is 16 a factor of 8*(4 - (6 - 4))?
True
Let v = 30 + -14. Is 8 a factor of 2/(8/9)*v?
False
Suppose 42 = 5*q - 238. Is q a multiple of 14?
True
Suppose -5*c + 80 = -25. Suppose c = 5*i - 39. Is 5 a factor of i?
False
Suppose -2*d - d - y + 13 = 0, -3*y + 19 = 5*d. Is 3 a factor of d?
False
Suppose 0 = 2*i - 9 + 1. Suppose -4*p - 1 = -3*g + 90, i*p + 41 = g. Does 14 divide g?
False
Let v = 131 + -56. Does 25 divide v?
True
Let m be (-5 + 2)/(-3) + 9. Let y(a) = -a**2 + 10*a + 12. Is y(m) a multiple of 11?
False
Let z(x) = -3*x + 1 + 3*x - 10*x**2 - 2. Let c be z(-1). Is 2/c - (-808)/88 a multiple of 9?
True
Let b = -2 - 1. Let l = b - -7. Let c = l + 4. Is 4 a factor of c?
True
Does 7 divide (1 - (-21)/(-27)) + (-752)/(-18)?
True
Let q be (15 + 2)/(3/(-9)). Is 6 a factor of q*((-15)/9)/5?
False
Let i(d) = -5*d**2 + 5*d - 1. Let o(a) = -10*a**2 + 11*a - 2. Let z(x) = -7*i(x) + 3*o(x). Let w be z(1). Suppose -w*l = -0*l - 36. Is l a multiple of 6?
False
Let n = 64 - 0. Is n a multiple of 14?
False
Suppose 0 = 4*d - 6*d - 2. Let a(m) = 7*m**3 + m**2. Let j be a(d). Does 7 divide -2 + 9/(-6)*j?
True
Let z = 5 - 2. Suppose -5*g + 312 = 4*c, -z*g - g + 2*c = -234. Does 20 divide g?
True
Let k(m) = -2*m**2 - 7*m + 7. Let j be k(-7). Let z(y) = -y**3 + 5*y**2 + 2*y - 3. Let t be z(5). Is (-618)/j - (-2)/t a multiple of 15?
True
Let c be 1/(-2) + 15/6. Suppose 0 = -5*k + c*g + 95, 5*k + 0*k - 115 = -2*g. Suppose 0 = n + 8 - k. Is 8 a factor of n?
False
Let x be (-11)/(-3) - 2/(-6). Let k(y) = y + 5. Let u be k(-5). Suppose x*t - 128 + 8 = u. Does 15 divide t?
True
Let h = 4 - 6. Let b be -1*24 - (h - 1). Let n = -10 - b. Is 6 a factor of n?
False
Let n(m) = -m**3 + 7*m**2 - 3*m - 9. Is 27 a factor of n(4)?
True
Suppose -3*z - 5*y + 235 = 0, 154 + 206 = 5*z + 2*y. Is 8 a factor of ((-8)/10)/((-4)/z)?
False
Let f(r) be the first derivative of r**6/360 + r**5/120 - r**4/4 - r**3/3 + 3. Let n(z) be the third derivative of f(z). Does 12 divide n(-5)?
False
Suppose -397 = -5*y - 77. Is 15 a factor of y?
False
Let i(j) = -4*j - 2*j**2 + 9*j + j**2 + 2 + j. Let l be i(6). Suppose -2*t = -2*g + 20, 12 + 4 = 4*g + l*t. Does 5 divide g?
False
Let s(k) = -13*k - 1. Let i(g) = g. Let a be i(-1). Is 6 a factor of s(a)?
True
Let p(x) be the first derivative of 6*x**3 - x**2/2 + x + 3. Let y be p(-2). Does 11 divide y/(-10)*16/(-10)?
False
Let x be (0 - -2)/(2/(-11)). Let q = x + 17. Is (-8)/q*(-28 - -4) a multiple of 16?
True
Let c(l) = l**2 - l. Let k = 4 - 3. Let v be c(k). Suppose 3*d = 2*r - 27, -4*r + v*r + 65 = 5*d. Is r a multiple of 10?
False
Let s(y) = y**2 + 8*y + 5. Let b be s(-8). Suppose -3 + 58 = b*i. Is i a multiple of 11?
True
Let g = 12 + -39. Let l = 51 + g. Does 18 divide l?
False
Let k(n) = n**2 + 14*n + 49. Is k(-19) a multiple of 18?
True
Suppose f - 3*o - 7 = 0, 6*f - 3*o = f + 47. Let q = 0 - f. Is ((-68)/q)/((-10)/(-25)) a multiple of 12?
False
Suppose 3*n = -0*n - 81. Let s = -18 - n. Is 5 a factor of s?
False
Suppose -7*x + 292 = -3*x. Is 15 a factor of x?
False
Suppose -3*l = 2*l - 20. Suppose -12 = -l*b - 0*b. Is 2 a factor of b?
False
Suppose -42 = -2*t - 2*r, -4*t + 2*r = -0*r - 108. Let f be (1 + -1)/1*1. Let u = t - f. Is 13 a factor of u?
False
Let d(j) = -j + 8. Let p be d(6). Suppose 1 - 7 = p*z. Is (-208)/(-12) - 2/z a multiple of 18?
True
Let j(k) = k**3 + k**2 - 8*k - 4. Does 36 divide j(5)?
False
Suppose 8*h + 76 = 4*h. Let o = h - -30. Is 11 a factor of o?
True
Let f(t) = 2*t + 16. Let w be f(-11). Does 2 divide (-2)/w - (-10)/6?
True
Let o(z) = -2*z**2 - 19*z - 17. Is o(-8) even?
False
Suppose 3*k = -k + 3*d + 161, -d = -5*k + 193. Is 6 a factor of k?
False
Let c(q) = 38*q + 3. Is 19 a factor of c(2)?
False
Let w be 4/(-18) + 141/27. Suppose -a + 2*a + w*o = 21, 0 = -5*a + o + 27. Does 3 divide a?
True
Let d = 131 + -102. Does 6 divide d?
False
Does 35 divide (-252)/(-4)*5/3?
True
Let l = 36 + -10. Is 26 a factor of l?
True
Suppose 3*v - 13 = 26. Does 13 divide v?
True
Let f = -11 - -21. Is 6 a factor of f?
False
Let v(z) = z**3 - z**2 - 2*z - 2. Suppose -5*y + 2*a = -0*y - 18, -5*a - 3 = -2*y. Is 19 a factor of v(y)?
True
Let d = -74 + 53. Does 12 divide (-519)/d - 2/(-7)?
False
Does 10 divide (3/1)/((-30)/(-2200))?
True
Is 35 + (3/2)/((-9)/(-12)) a multiple of 6?
False
Suppose 5*u = u - 3*a + 7, 0 = 4*u + 5*a - 1. Suppose 3*j = -u*p - 13, 0*j + p - 2 = j. Let b = j + 11. Is 4 a factor of b?
True
Let k(a) = -9*a + 2. Does 10 divide k(-1)?
False
Let k(c) = 3*c - c + 0*c + 9 - 4. Is 13 a factor of k(4)?
True
Let x(j) = -j**2 - 6*j - 2. Let w(q) = q. Let z(g) = -6*w(g) + x(g). Suppose 3*l + 12 = k + 2*k, -2*k = -4*l - 22. Is z(l) a multiple of 9?
False
Let o be -1 - 2/8*0. Let h(i) = -48*i**3 - 2*i**2 - 2*i - 1. Is 26 a factor of h(o)?
False
Let p = 13 - -19. Suppose 0 = f - p - 14. Does 22 divide f?
False
Let a(y) = y**3 + 2*y**2 + 2*y + 3. Let c be a(-2). Let v be (-2)/(-1)*1 + c. Is (-8)/(4/(-2)) + v a multiple of 2?
False
Suppose 5*r - 279 - 21 = 0. Is 20 a factor of r?
True
Let i(q) be the second derivative of -2*q + 1/20*q**5 - 7/6*q**3 + 0 + 4*q**2 - 1/3*q**4. Is 19 a factor of i(6)?
True
Suppose 5*d = 15 - 5. Is (d/(-6))/(3/(-153)) a multiple of 17?
True
Let j(b) = b + 5. Let q be j(-5). Suppose -k + 3*y = -q - 3, 3*k = -3*y + 9. Let o = 8 - k. Does 5 divide o?
True
Let u(x) = -x**2 - 7*x + 2. Let h be u(-7). Is 13 a factor of h*13/(-6)*-9?
True
Let u be 4/(-6)*3*-12. Suppose 2*q = -q + u. Is q a multiple of 4?
True
Let w(g) be the second derivative of -g**5/60 - 5*g**4/24 + g**3/2 + g**2 - g. Let x(k) be the first derivative of w(k). Is 2 a factor of x(-5)?
False
Suppose -5*z + 4*z - 3277 = 5*r, 1318 = -2*r + 2*z. Is 11 a factor of r/(-22) - (-6)/33?
False
Is 14 a factor of -4 - (0/(-5) + -74)?
True
Suppose 0 = -g - 2 - 1. Let s = -3 - g. Suppose 4*c - 10 = -5*d, s = 5*d + 3 + 7. Is c even?
False
Suppose 5*r + 116 = 4*k, r = k + 5*r - 29. Let b = k + -11. Is 12 a factor of b?
False
Let a = 58 - 40. Let k = 0 + a. Is 9 a factor of k?
True
Let n = 83 - -29. Is 8 a factor of n?
True
Let u(k) = -k**2 - 4*k - 1. Let z be u(-5). Let x(p) be the third derivative of p**6/120 + p**5/10 - p**4/12 + p**3/2 - 4*p**2. Does 9 divide x(z)?
False
Suppose -5*i = -32 + 7. Suppose 5*s - 15 = 0, -2*q + i*q - 33 = -2*s. Is 10 a factor of (-6)/(-2)*39/q?
False
Suppose -2*z + 230 = -58. Is 24 a factor of z?
True
Suppose 0*c + 4*c - 36 = 0. Is 10 a factor of (3 + 2)*(c + -3)?
True
Let y = 35 + 23. Does 27 divide y?
False
Suppose 2*k + 218 + 82 = 3*n, -n - k = -95. Suppose n + 28 = 3*t. Is t a multiple of 19?
False
Suppose 3*s + 59 = 236. Is 10 a factor of s?
False
Suppose -o = -l - 3*l + 31, 3*l - 47 = -4*o. Suppose l = n - 30. Does 13 divide n?
True
Let h(r) = r**3 - 23*r**2 + 27*r - 23. Is h(22) a multiple of 18?
False
Let t = 2 + 70. Suppose h + t = 4*h. Is h a multiple of 19?
False
Let j = -1 + -1. Let u be j/(-7) + (-64)/28. Is 4 a factor of (-1 - 11)/u + 0?
False
Suppose 4*m - 9*m = -440. Is 22 a factor of m?
True
Let q(p) = -p**3 - p**2 + 5. Let u be q(0). Let c(d) = 4*d**2 + 6. Let j be c(-5). Suppose -u*h = -4 - j. Is h a multiple of 14?
False
Let f(o) = -o**3 - 11*o**2 - 4*o + 10. Is f(-11) a multiple of 18?
True
Let q(o) = -o**3 - 14*o**2 - 17*o + 6. Let n be q(-13). Let v = 102 - n. Does 14 divide v?
False
Suppose 3*q = q - w + 114, 0 = w + 4. Let a = -39 + q. Is 20 a factor of a?
True
Suppose -8*m + 246 = -778. Does 17 divide m?
False
Let p = -1 + 61. Is 12 a factor of p?
True
Let g(w) = -w**3 + 12*w**2 - 11*w + 11. Is 11 a factor of g(1